er when 3458702 is divided by 253?
192
Calculate the remainder when 131677 is divided by 66.
7
What is the remainder when 282558 is divided by 17656?
62
What is the remainder when 1428449 is divided by 71412?
209
Calculate the remainder when 57195 is divided by 2492.
2371
Calculate the remainder when 937470 is divided by 3397.
3295
What is the remainder when 19540 is divided by 2035?
1225
Calculate the remainder when 990471 is divided by 212.
7
What is the remainder when 3131679 is divided by 46?
45
Calculate the remainder when 759763 is divided by 34.
33
What is the remainder when 3201956 is divided by 800476?
52
What is the remainder when 4545502 is divided by 43290?
52
Calculate the remainder when 3202357 is divided by 640452.
97
What is the remainder when 3203919 is divided by 1067957?
48
What is the remainder when 90724 is divided by 20?
4
Calculate the remainder when 12830256 is divided by 22.
10
Calculate the remainder when 1328501 is divided by 465.
461
What is the remainder when 1863555980 is divided by 12?
8
What is the remainder when 11100232 is divided by 1713?
1705
What is the remainder when 89666 is divided by 27?
26
What is the remainder when 4529718 is divided by 226?
0
What is the remainder when 1092920 is divided by 1468?
728
What is the remainder when 37535 is divided by 11180?
3995
Calculate the remainder when 90084076 is divided by 2845.
2841
Calculate the remainder when 1779780 is divided by 20.
0
Calculate the remainder when 28841 is divided by 13730.
1381
Calculate the remainder when 217138 is divided by 34.
14
Calculate the remainder when 805032 is divided by 27759.
21
What is the remainder when 42686810 is divided by 87?
86
Calculate the remainder when 6833548 is divided by 274.
262
Calculate the remainder when 93018 is divided by 30954.
156
What is the remainder when 35847 is divided by 2011?
1660
Calculate the remainder when 88895485 is divided by 44.
41
What is the remainder when 477108 is divided by 19872?
180
Calculate the remainder when 641029 is divided by 1816.
1797
Calculate the remainder when 7309738 is divided by 1341.
1288
What is the remainder when 34247 is divided by 965?
472
Calculate the remainder when 1032620 is divided by 5867.
28
Calculate the remainder when 216936 is divided by 54209.
100
What is the remainder when 104518 is divided by 20471?
2163
What is the remainder when 159224498 is divided by 323627?
14
What is the remainder when 144558314 is divided by 14?
12
Calculate the remainder when 19696 is divided by 3654.
1426
Calculate the remainder when 7087164 is divided by 185.
184
What is the remainder when 1205470865 is divided by 31?
29
Calculate the remainder when 130331457 is divided by 13033145.
7
Calculate the remainder when 2883764 is divided by 961251.
11
Calculate the remainder when 436595 is divided by 1819.
35
What is the remainder when 792347 is divided by 638?
589
Calculate the remainder when 284228878 is divided by 26.
24
What is the remainder when 593832 is divided by 1458?
426
Calculate the remainder when 206614 is divided by 6549.
3595
What is the remainder when 11051898 is divided by 204?
198
Calculate the remainder when 87206 is divided by 6234.
6164
What is the remainder when 14459762 is divided by 6713?
6673
Calculate the remainder when 2425303 is divided by 470.
103
Calculate the remainder when 86671 is divided by 28765.
376
Calculate the remainder when 161991 is divided by 184.
71
What is the remainder when 403964 is divided by 150?
14
What is the remainder when 2671151 is divided by 103?
52
Calculate the remainder when 185052 is divided by 92431.
190
Calculate the remainder when 13390 is divided by 216.
214
Calculate the remainder when 37474345 is divided by 266.
265
What is the remainder when 7579651 is divided by 1944?
1939
Calculate the remainder when 19450351 is divided by 1061.
99
What is the remainder when 4325211 is divided by 120144?
27
What is the remainder when 32673992 is divided by 2958?
2882
Calculate the remainder when 80072090 is divided by 71.
65
What is the remainder when 50348648 is divided by 94?
86
What is the remainder when 66685 is divided by 253?
146
Calculate the remainder when 458885 is divided by 457266.
1619
What is the remainder when 2509218 is divided by 35?
33
What is the remainder when 16749945 is divided by 190340?
25
Calculate the remainder when 1674805 is divided by 337.
252
Calculate the remainder when 28080392 is divided by 331.
7
Calculate the remainder when 6838520 is divided by 1367682.
110
What is the remainder when 16565832 is divided by 39?
36
Calculate the remainder when 21959957 is divided by 89.
8
What is the remainder when 52739 is divided by 5892?
5603
What is the remainder when 435988 is divided by 85815?
6913
Calculate the remainder when 100073 is divided by 3029.
116
What is the remainder when 2960820 is divided by 1754?
68
Calculate the remainder when 589739 is divided by 114.
17
What is the remainder when 87850 is divided by 3499?
375
What is the remainder when 29614 is divided by 3328?
2990
Calculate the remainder when 1211002 is divided by 9100.
702
Calculate the remainder when 1717630 is divided by 6789.
13
Calculate the remainder when 984202 is divided by 4242.
58
What is the remainder when 109607 is divided by 3892?
631
What is the remainder when 58415 is divided by 29177?
61
What is the remainder when 1994823 is divided by 990?
963
What is the remainder when 211119389 is divided by 22?
19
What is the remainder when 1236188 is divided by 53747?
7
What is the remainder when 19702723 is divided by 1224?
1219
What is the remainder when 1248031 is divided by 790?
621
Calculate the remainder when 1289369 is divided by 3402.
11
Calculate the remainder when 50737345 is divided by 1097.
1095
Calculate the remainder when 23824593 is divided by 4285.
4278
Calculate the remainder when 25714425 is divided by 232.
9
What is the remainder when 21220 is divided by 634?
298
What is the remainder when 164273 is divided by 66?
65
What is the remainder when 1548558 is divided by 86031?
0
Calculate the remainder when 3060 is divided by 39.
18
What is the remainder when 56956595 is divided by 974?
971
What is the remainder when 20573 is divided by 2305?
2133
What is the remainder when 2868905 is divided by 1044?
1037
Calculate the remainder when 49548 is divided by 1690.
538
Calculate the remainder when 23532718 is divided by 40.
38
What is the remainder when 49326 is divided by 8193?
168
What is the remainder when 5230170 is divided by 1307539?
14
What is the remainder when 21689904 is divided by 4422?
4416
What is the remainder when 3681 is divided by 2822?
859
Calculate the remainder when 50071 is divided by 341.
285
Calculate the remainder when 109179 is divided by 523.
395
What is the remainder when 45020096 is divided by 15006679?
59
What is the remainder when 392045527 is divided by 4111?
12
What is the remainder when 2540145 is divided by 2459?
2457
Calculate the remainder when 63086881 is divided by 1384.
9
What is the remainder when 2620759 is divided by 143?
141
Calculate the remainder when 299607 is divided by 99837.
96
What is the remainder when 677829 is divided by 9967?
73
Calculate the remainder when 9790147 is divided by 223.
1
Calculate the remainder when 18055914 is divided by 1647.
1500
Calculate the remainder when 39069 is divided by 3486.
723
What is the remainder when 11261999 is divided by 10?
9
What is the remainder when 2102888 is divided by 97?
25
What is the remainder when 55261054 is divided by 27630523?
8
What is the remainder when 907159 is divided by 302154?
697
Calculate the remainder when 679786 is divided by 158.
70
Calculate the remainder when 13473882 is divided by 3883.
3755
What is the remainder when 23776 is divided by 3936?
160
What is the remainder when 964216 is divided by 429?
253
What is the remainder when 10001699 is divided by 2055?
14
Calculate the remainder when 22008 is divided by 1859.
1559
What is the remainder when 9390633 is divided by 36?
33
What is the remainder when 6877657 is divided by 1624?
17
What is the remainder when 2580449 is divided by 8328?
7097
What is the remainder when 201212 is divided by 416?
284
Calculate the remainder when 422769 is divided by 24867.
30
Calcul